(-3 + -1)?
1
Calculate (-5 - -12) + 5 - 0.
12
What is 852 + -860 + -1 + 0?
-9
Calculate -19 - (-11 - (-17 + 6 + 6)).
-13
What is the value of -21 + (10 - -17) + -17?
-11
6 - (18 - (2 + 8))
-2
Evaluate -13 - -13 - 12 - (-18 + 5).
1
What is the value of 4 + (7 - -1) + -36?
-24
Evaluate 0 - (-18 + 5 - -18).
-5
Calculate -15 - (-44 + (6 - -20)).
3
2 - (-4 + (-7 - (1 - -2)) + 12)
4
What is the value of -1680 - -1687 - (-1 + 1 - -20)?
-13
What is (-6 - (1 + -24)) + -20 + -3?
-6
What is the value of (0 - -8) + (12 - (29 + -8))?
-1
5 - 13 - ((2 - 36) + (17 - 11))
20
Evaluate 6 + -10 - (-5 + -9).
10
What is the value of (-2 - (2 + -2)) + (-5 + 1 - 9)?
-15
What is (-6 - 0 - -16) + 1 - 3?
8
What is the value of (-1 + -1 + 2 - 6) + -8?
-14
Evaluate (-11 - 0) + 391 + -386.
-6
Calculate 6 - (15 + (-11 - -9)).
-7
What is -15 - (-16 + 39) - (23 + -32)?
-29
16 + -1 + -26 - -9
-2
Calculate (1 - 1) + 34 + -29.
5
What is (17 + -1 - 4) + 1?
13
10 + (-19 - (-16 - (-21 - -17)))
3
What is the value of (-5 - -6) + 9 + 7?
17
What is 2 - -3 - (10 - ((4 - 4) + 11))?
6
Evaluate (40 - 2) + 2 + -6 - (0 + -1).
35
Calculate -2 + (-9 - (4 - 11)) + -10.
-14
What is -1 - 11 - (108 + -127)?
7
What is (0 - -20) + (-23 - -17 - 4 - -6)?
16
What is the value of -26 - (3 + -5 + 3 + (0 - 7))?
-20
Evaluate (-6 - 1) + 0 + 2 + (703 - 692).
6
What is 10 + -31 + -2 - -48?
25
-17 + 11 - -9 - (-9 + 2 + 2)
8
Calculate -9 + (-36 + 49 - -11).
15
What is the value of -9 - (-11 + 1 + (-4 - 4))?
9
Calculate -2 - ((-10 - (-2 - -4)) + 4 + -11).
17
What is (7 + (2 - -7) - 36) + 14?
-6
What is 0 - -1 - (-40 + 13) - (4 - 4)?
28
What is the value of (9 - 7) + (3 - -20 - (4 + 1))?
20
What is the value of 13 - 17 - (4 + 2) - 2?
-12
Calculate (-163 - -140) + (19 - 4).
-8
-13 - ((-17 - -16) + -5 - -22)
-29
Calculate (134 - 130) + (-9 + 1 - 0).
-4
What is 14 - (-5 + -9 + 16)?
12
What is the value of 18 + (-37 - (23 - 30))?
-12
Calculate 1 + -36 + 21 + (1 + 6 - 0).
-7
Evaluate 1104 - 1116 - (0 + 3 + -5 + 3).
-13
Calculate 17 + -2 + -241 + 242.
16
What is (-24 - (-18 - -41)) + 26?
-21
-12 + -11 + 26 + 8 - -2
13
What is (-54 - -30) + 6 + 8 + -6?
-16
Calculate -4 - (-40 - 1) - (-316 - -325).
28
Calculate 0 - 2 - (-5 + 3 + -1 + 5).
-4
Calculate -8 - ((0 - (-6 - -15)) + 1).
0
-30 + 50 + 0 - -21
41
What is the value of -10 - (37 + -19 + -18 - 35)?
25
What is -12 - (0 + -9 + 1) - 0?
-4
Evaluate -13 - 27 - (4 - -3 - 23).
-24
What is -7 + 11 + 13 + -1?
16
What is the value of -2 - (-1 - -4) - (-11 - -16)?
-10
76 + -66 + (-3 - -2)
9
Calculate 2 + -3 - (31 + -15).
-17
What is the value of 5 + (-19 - -11) + (17 + -9 - 13)?
-8
What is -29 + 1 + -3 + (26 - (-15 - -36))?
-26
(-14 - (-9 - -17)) + -2 - -1
-23
What is -3 + -37 - (-248 + 186)?
22
Calculate 16 - -4 - (-4 + -11 + 9) - 11.
15
Evaluate (13 - 22 - 0) + (0 - 5 - -5).
-9
What is -5 - (2 - -1 - (23 - (11 - 8)))?
12
What is 10 + -7 + 6 - -11 - (2 + 5)?
13
What is (2 - (-20 + 13)) + -22 - -39?
26
What is the value of -21 + 43 + 15 + -17?
20
-59 + 6 - (-40 - -8)
-21
Evaluate 14 - 1 - (-6 - (-14 - -1)).
6
3 - (-6 + 7 + 9)
-7
What is the value of -5 - 0 - (-32 - -35)?
-8
What is the value of 8 + 13 + (-5 - -16 - 24)?
8
Evaluate 2 + -1 - 7 - (-165 - -160).
-1
What is -12 + 14 - ((-14 - (-4 + -5)) + 21)?
-14
What is 1 - -13 - (20 + -1 - 12)?
7
What is -39 + (-8 - -23 - (-2 + 6))?
-28
Calculate 5 + -2 - 4 - 0.
-1
13 + -10 + (11 - 11) + -14
-11
What is -8 + -2 - (-2 + 9 - 8)?
-9
-16 + (7 - -16) - 17
-10
Calculate (19 - (-4 - -16)) + -11.
-4
What is (0 - (18 + 0 + (-33 - -37))) + 8?
-14
What is -6 - ((19 - 28) + -26)?
29
What is the value of -183 + 212 - (34 + 0)?
-5
8 - (-1 - (1 + -5) - -5) - -1
1
-4 - (-3 + -3 + 0 + -8 + 11)
-1
Calculate 2 + -5 - (-23 + 1 + (-2 - -12)).
9
-8 + (-44 - -12) + 26
-14
32 - (30 - (4 - -7))
13
Evaluate 8 + (9 - 10 - 8) + 2 + -2.
-1
What is the value of -17 + 18 - ((-3 - 4 - -27) + -4)?
-15
-24 + 12 + 11 + -11
-12
What is the value of 4 + 7 + 3 + -12 - -2?
4
Evaluate -47 - -43 - (-2 + -1 - 9).
8
What is the value of 23 + -37 + 21 + (-1 - (15 - -3))?
-12
What is -4 + (7 - (-5 + 2)) + -7 + -7?
-8
What is the value of -1 - (-1 + (5 - 8) + 13 + -5)?
-5
What is 17 + 9 + (9 + -18 - 6)?
11
Calculate 14 + (1 - 14) + -9.
-8
Evaluate -9 - -26 - 5 - (-5 - -3 - 6).
20
What is -4 + -20 - (4 - 13)?
-15
What is (-4 - 17) + 50 + -16?
13
What is (-1 - -50) + 131 + -140 + -10?
30
What is -9 + 2 - 17 - -11?
-13
12 + (17 - (13 + -2)) - 7
11
Calculate (-99 + 95 - (2 + 0)) + 5.
-1
What is 5 - (5 + -6) - 9 - (3 + -3)?
-3
Evaluate 0 - 1 - (-15 + 17 - 16) - -4.
17
Calculate 0 + -20 + 6 + 0 + (5 - 7).
-16
Evaluate -47 + 19 - (0 - 44).
16
-31 + (55 - 19) + (-1 - 8)
-4
Calculate ((6 - -1) + -4 - 20) + 8.
-9
What is 14 - (12 + 11) - (-2 + -1)?
-6
Calculate 43 + (-17 - 19 - 26).
-19
What is the value of 42 + -15 + -23 + -2?
2
Evaluate (4 - -2) + 3 - 13.
-4
What is the value of (0 - (-17 - -11)) + 1 - 22?
-15
What is 4 + 35 + -30 + (-2 - -3)?
10
-5 + (-7 + 0 - (-50 + 55))
-17
Evaluate -35 - (1 - (35 - 14)).
-15
What is 9 - (17 + (-2 - 10))?
4
Calculate (1 - 3) + -2 + 4 + -1 + -15.
-16
What is the value of -33 + -14 + 10 + (-6 - -15)?
-28
Calculate (14 - -1) + -4 + -1 + -18.
-8
Calculate 20 + 6 + -22 - -12.
16
Evaluate (-11 - -10 - -4) + -16 - -5.
-8
Calculate 1 - 2 - (-35 + 48).
-14
34 + -42 - 14 - -24
2
40 + -24 + -1 + -8
7
What is the value of 4 - (-15 + 4 + 11 + 16)?
-12
What is the value of 8 + -16 - (-1 + 2 + 3)?
-12
Calculate -5 + -37 - (9 - 19).
-32
What is the value of 0 - (9 + (-6 - (2 + (-10 - -6))))?
-5
Evaluate 15 + -15 - (-18 + 5).
13
Evaluate 18 - (-8 + 19 - -5 - 9).
11
What is (13 - (2 - -4 - (11 - 13))) + 8?
13
Calculate 4 + 5 + (-10 + 5 - -4).
8
87 + -34 - 37 - 50
-34
-10 + 10 + (4 - 4 - -5)
5
What is the value of 7 - ((2 - 1 - -11) + (2 - 4))?
-3
Calculate -19 + 2 - (-78 + 63).
-2
What is 507 - 500 - (7 + 0 - -2) - 10?
-12
What is 8 - 8 - (4 - 3)?
-1
Calculate (4 - 5 - -10) + (-26 - -22).
5
(-81 - (-22 + -30)) + (5 - (-1 + -1))
-22
Calculate 12 - (10 + (-28 - -2) + 7).
21
Calculate (-1 - 17) + (-8 + (9 - 8) - -13).
-12
What is 3 - -15 - (9 - (25 - 14)) - 0?
20
3 - (2 + (-5 - 7) + 7)
6
What is -48 - (24 - 31) - -28?
-13
Evaluate -195 + 208 + -2 + 1 + -2 - 36.
-26
Evaluate -23 + 8 + (-8 - 3) + 5 + 1.
-20
Calculate (-9 - -10 - 8) + (5 - 13).
-15
What is 22 + (8 - (16 + 0)) + -6 + 7?
15
(-27 - (12 + -11)) + 27
-1
-11 + (-14 - -14) + -1 + 5
-7
Calculate (1 - 18) + 331 + -321.
-7
What is the value of 14 - (-16 - (-60 + 6)) - (0 + -6)?
-18
Evaluate -2 - (11 - 9) - (1 - -2).
-7
Calculate (11 + 13 - 29) + 12.
7
What is the value of -10 + 4 - (0 - (2 - -8))?
4
Evaluate 2 - (0 + -8 + (23 - (19 + -2))).
4
Calculate 5 + (1 - 2) - (9 - 6).
1
Calculate -9 - -4 - (-3 + (-4 - 3) + 4).
1
What is the value of -1 - (3 + (-2 - (5 + -5) - 6))?
4
What is the value of 56 + (-84 - -40) + 0 + -22?
-10
Evaluate -46 - (16 + -22 - 12).
-28
(-9 - (3 + 11)) + (7 - -3)
-13
Evaluate 17 - (-2 + (-4 - -10) - (-15 + 26)).
24
Evaluate -3 - (-3 + -3) - (0 + -1).
4
What is -23 - -8 - (34 + -24)?
-25
Calculate (121 - 101) + (-46 - -2).
-24
What is the value of -2 + (-6 - (-41 - -5))?
28
Evaluate (-5 + 28 - -1) + 5 + -2 - 10.
17
Calculate -32 + 16 - (-1 - (-2 - -9)).
-8
What is the value of -3 + 4 + -11 + -2 + (-18 - -22)?
-8
Calculate (22 + -59 - -42) + (1 - 13).
-7
What is the value of 14 + 10 - (-10 - -32)?
2
Evaluate 25 + -2 - (690 + -692).
25
What is the value of -21 + 2 + (-3 - -30)?
8
-367 + 348 - ((-7 - 1) + -3)
-8
What is the value of (5 - (5 - -7)) + -5 - -4?
-8
What is 7 + -59 + 45 - (1 - -3)?
-11
Calculate 13 + (17 + -13 - (11 + -5)).
11
What is the value of 1 + -6 - ((6 - 0 - 0) + -4)?
-7
Evaluate (-1 - (-10 + 45) - 9) + 9 - -1.
-35
What is 12 + -2 + 1 + -17 - (-1 - 1)?
-4
What is the value of (11 - 25) + 23 + 3 - -7?
19
What is -13 + 5 - ((38 - 27) + -51 + -1)?
33
Calculate (1 - ((-15 - -30) + -17)) + -20.
-17
1 - 7 - -9 - (9 - (-1 - -4))
-3
Calculate -38 + 34 + (14 - (4 - -1)).
5
Calculate 10 - 23 - -26 - 19.
-6
What is the value of -1 + -1 - -1 - (-22 - (-21 - 2))?
-2
Calculate -101 + 92 + (1 - -3) + -12.
-17
Evaluate 2 - (-1 + -21 + 13 + (4 - 0)).
7
What is 11 + (-20 - 16 - -19)?
-6
(-2 - (-2 + -1 + 6)) + 4
-1
What is 1 - 22 - (687 + -691)?
-17
28 - (1 - -28) - -19
18
Evaluate 26 - 